[INFO] cloning repository https://github.com/benizi/s3env
[INFO] running `Command { std: "git" "-c" "credential.helper=" "-c" "credential.helper=/workspace/cargo-home/bin/git-credential-null" "clone" "--bare" "https://github.com/benizi/s3env" "/workspace/cache/git-repos/https%3A%2F%2Fgithub.com%2Fbenizi%2Fs3env", kill_on_drop: false }`
[INFO] [stderr] Cloning into bare repository '/workspace/cache/git-repos/https%3A%2F%2Fgithub.com%2Fbenizi%2Fs3env'...
[INFO] running `Command { std: "git" "rev-parse" "HEAD", kill_on_drop: false }`
[INFO] [stdout] e06c76cb7b8ddb4d16fe608aa70b5e348e98a08a
[INFO] checking benizi/s3env against master#af3c6e733a40e671550e0f0f5aeecaa13772ba56 for pr-74989
[INFO] running `Command { std: "git" "clone" "/workspace/cache/git-repos/https%3A%2F%2Fgithub.com%2Fbenizi%2Fs3env" "/workspace/builds/worker-8/source", kill_on_drop: false }`
[INFO] [stderr] Cloning into '/workspace/builds/worker-8/source'...
[INFO] [stderr] done.
[INFO] validating manifest of git repo https://github.com/benizi/s3env on toolchain af3c6e733a40e671550e0f0f5aeecaa13772ba56
[INFO] running `Command { std: "/workspace/cargo-home/bin/cargo" "+af3c6e733a40e671550e0f0f5aeecaa13772ba56" "read-manifest" "--manifest-path" "Cargo.toml", kill_on_drop: false }`
[INFO] started tweaking git repo https://github.com/benizi/s3env
[INFO] finished tweaking git repo https://github.com/benizi/s3env
[INFO] tweaked toml for git repo https://github.com/benizi/s3env written to /workspace/builds/worker-8/source/Cargo.toml
[INFO] crate git repo https://github.com/benizi/s3env already has a lockfile, it will not be regenerated
[INFO] running `Command { std: "/workspace/cargo-home/bin/cargo" "+af3c6e733a40e671550e0f0f5aeecaa13772ba56" "fetch" "--locked" "--manifest-path" "Cargo.toml", kill_on_drop: false }`
[INFO] [stderr]     Blocking waiting for file lock on package cache
[INFO] [stderr] error: the lock file /workspace/builds/worker-8/source/Cargo.lock needs to be updated but --locked was passed to prevent this
[INFO] [stderr] If you want to try to generate the lock file without accessing the network, use the --offline flag.
[INFO] the lockfile is outdated, regenerating it
[INFO] running `Command { std: "/workspace/cargo-home/bin/cargo" "+af3c6e733a40e671550e0f0f5aeecaa13772ba56" "generate-lockfile" "--manifest-path" "Cargo.toml" "-Zno-index-update", kill_on_drop: false }`
[INFO] [stderr]     Blocking waiting for file lock on package cache
[INFO] running `Command { std: "/workspace/cargo-home/bin/cargo" "+af3c6e733a40e671550e0f0f5aeecaa13772ba56" "fetch" "--locked" "--manifest-path" "Cargo.toml", kill_on_drop: false }`
[INFO] [stderr]     Blocking waiting for file lock on package cache
[INFO] running `Command { std: "docker" "create" "-v" "/var/lib/crater-agent-workspace/builds/worker-8/target:/opt/rustwide/target:rw,Z" "-v" "/var/lib/crater-agent-workspace/builds/worker-8/source:/opt/rustwide/workdir:ro,Z" "-v" "/var/lib/crater-agent-workspace/cargo-home:/opt/rustwide/cargo-home:ro,Z" "-v" "/var/lib/crater-agent-workspace/rustup-home:/opt/rustwide/rustup-home:ro,Z" "-e" "SOURCE_DIR=/opt/rustwide/workdir" "-e" "CARGO_TARGET_DIR=/opt/rustwide/target" "-e" "CARGO_HOME=/opt/rustwide/cargo-home" "-e" "RUSTUP_HOME=/opt/rustwide/rustup-home" "-w" "/opt/rustwide/workdir" "-m" "1610612736" "--user" "0:0" "--network" "none" "rustops/crates-build-env@sha256:d92eaeed33fa75130ca1ee6c8a01d1ffb62bac859dfdfb3450e3e5d1c0146529" "/opt/rustwide/cargo-home/bin/cargo" "+af3c6e733a40e671550e0f0f5aeecaa13772ba56" "metadata" "--no-deps" "--format-version=1", kill_on_drop: false }`
[INFO] [stdout] e935b2497221e4a2624ccbb6949a9b1cd035a54dc09fe86ca16e5b40c39e4811
[INFO] [stderr] WARNING: Your kernel does not support swap limit capabilities or the cgroup is not mounted. Memory limited without swap.
[INFO] running `Command { std: "docker" "start" "-a" "e935b2497221e4a2624ccbb6949a9b1cd035a54dc09fe86ca16e5b40c39e4811", kill_on_drop: false }`
[INFO] running `Command { std: "docker" "inspect" "e935b2497221e4a2624ccbb6949a9b1cd035a54dc09fe86ca16e5b40c39e4811", kill_on_drop: false }`
[INFO] running `Command { std: "docker" "rm" "-f" "e935b2497221e4a2624ccbb6949a9b1cd035a54dc09fe86ca16e5b40c39e4811", kill_on_drop: false }`
[INFO] [stdout] e935b2497221e4a2624ccbb6949a9b1cd035a54dc09fe86ca16e5b40c39e4811
[INFO] running `Command { std: "docker" "create" "-v" "/var/lib/crater-agent-workspace/builds/worker-8/target:/opt/rustwide/target:rw,Z" "-v" "/var/lib/crater-agent-workspace/builds/worker-8/source:/opt/rustwide/workdir:ro,Z" "-v" "/var/lib/crater-agent-workspace/cargo-home:/opt/rustwide/cargo-home:ro,Z" "-v" "/var/lib/crater-agent-workspace/rustup-home:/opt/rustwide/rustup-home:ro,Z" "-e" "SOURCE_DIR=/opt/rustwide/workdir" "-e" "CARGO_TARGET_DIR=/opt/rustwide/target" "-e" "CARGO_INCREMENTAL=0" "-e" "RUST_BACKTRACE=full" "-e" "RUSTFLAGS=--cap-lints=forbid" "-e" "CARGO_HOME=/opt/rustwide/cargo-home" "-e" "RUSTUP_HOME=/opt/rustwide/rustup-home" "-w" "/opt/rustwide/workdir" "-m" "1610612736" "--user" "0:0" "--network" "none" "rustops/crates-build-env@sha256:d92eaeed33fa75130ca1ee6c8a01d1ffb62bac859dfdfb3450e3e5d1c0146529" "/opt/rustwide/cargo-home/bin/cargo" "+af3c6e733a40e671550e0f0f5aeecaa13772ba56" "check" "--frozen" "--all" "--all-targets" "--message-format=json", kill_on_drop: false }`
[INFO] [stdout] 6b75037822b7ccc2f76dbab1f60393114d2f395bac1eabdf95dc757953e06df4
[INFO] [stderr] WARNING: Your kernel does not support swap limit capabilities or the cgroup is not mounted. Memory limited without swap.
[INFO] running `Command { std: "docker" "start" "-a" "6b75037822b7ccc2f76dbab1f60393114d2f395bac1eabdf95dc757953e06df4", kill_on_drop: false }`
[INFO] [stderr]    Compiling libc v0.2.77
[INFO] [stderr]     Checking ahash v0.3.8
[INFO] [stderr]     Checking getopts v0.2.21
[INFO] [stderr]    Compiling hashbrown v0.7.2
[INFO] [stderr]     Checking getrandom v0.1.15
[INFO] [stderr]     Checking rand_core v0.5.1
[INFO] [stderr]     Checking rand_chacha v0.2.2
[INFO] [stderr]     Checking rand v0.7.3
[INFO] [stderr]     Checking dlv-list v0.2.2
[INFO] [stderr]     Checking ordered-multimap v0.2.4
[INFO] [stderr]     Checking rust-ini v0.15.3
[INFO] [stderr]     Checking s3env v0.1.0 (/opt/rustwide/workdir)
[INFO] [stdout] warning: use of deprecated macro `try`: use the `?` operator instead
[INFO] [stdout]   --> src/main.rs:35:15
[INFO] [stdout]    |
[INFO] [stdout] 35 |     let ini = try!(Ini::load_from_file(filename));
[INFO] [stdout]    |               ^^^
[INFO] [stdout]    |
[INFO] [stdout]    = note: `#[warn(deprecated)]` on by default
[INFO] [stdout] 
[INFO] [stdout] 
[INFO] [stdout] warning: use of deprecated macro `try`: use the `?` operator instead
[INFO] [stdout]   --> src/main.rs:40:18
[INFO] [stdout]    |
[INFO] [stdout] 40 |     let access = try!(get_opt(section, "access_key"));
[INFO] [stdout]    |                  ^^^
[INFO] [stdout] 
[INFO] [stdout] 
[INFO] [stdout] warning: use of deprecated macro `try`: use the `?` operator instead
[INFO] [stdout]   --> src/main.rs:41:18
[INFO] [stdout]    |
[INFO] [stdout] 41 |     let secret = try!(get_opt(section, "secret_key"));
[INFO] [stdout]    |                  ^^^
[INFO] [stdout] 
[INFO] [stdout] 
[INFO] [stdout] warning: use of deprecated macro `try`: use the `?` operator instead
[INFO] [stdout]   --> src/main.rs:35:15
[INFO] [stdout]    |
[INFO] [stdout] 35 |     let ini = try!(Ini::load_from_file(filename));
[INFO] [stdout]    |               ^^^
[INFO] [stdout]    |
[INFO] [stdout]    = note: `#[warn(deprecated)]` on by default
[INFO] [stdout] 
[INFO] [stdout] 
[INFO] [stdout] warning: use of deprecated macro `try`: use the `?` operator instead
[INFO] [stdout]   --> src/main.rs:40:18
[INFO] [stdout]    |
[INFO] [stdout] 40 |     let access = try!(get_opt(section, "access_key"));
[INFO] [stdout]    |                  ^^^
[INFO] [stdout] 
[INFO] [stdout] 
[INFO] [stdout] warning: use of deprecated macro `try`: use the `?` operator instead
[INFO] [stdout]   --> src/main.rs:41:18
[INFO] [stdout]    |
[INFO] [stdout] 41 |     let secret = try!(get_opt(section, "secret_key"));
[INFO] [stdout]    |                  ^^^
[INFO] [stdout] 
[INFO] [stdout] 
[INFO] [stdout] error[E0071]: expected struct, variant or union type, found enum `ini::ini::Error`
[INFO] [stdout]   --> src/main.rs:21:5
[INFO] [stdout]    |
[INFO] [stdout] 21 |     IniErr {
[INFO] [stdout]    |     ^^^^^^ not a struct
[INFO] [stdout] 
[INFO] [stdout] 
[INFO] [stdout] error[E0071]: expected struct, variant or union type, found enum `ini::ini::Error`
[INFO] [stdout]   --> src/main.rs:21:5
[INFO] [stdout]    |
[INFO] [stdout] 21 |     IniErr {
[INFO] [stdout]    |     ^^^^^^ not a struct
[INFO] [stdout] 
[INFO] [stdout] 
[INFO] [stdout] error[E0308]: mismatched types
[INFO] [stdout]   --> src/main.rs:29:5
[INFO] [stdout]    |
[INFO] [stdout] 28 |   fn get_opt(section: &Properties, key: &str) -> Result<String, IniErr> {
[INFO] [stdout]    |                                                  ---------------------- expected `std::result::Result<String, ini::ini::Error>` because of return type
[INFO] [stdout] 29 | /     section.get(key)
[INFO] [stdout] 30 | |         .map(|s| s.clone())
[INFO] [stdout] 31 | |         .ok_or(ini_err(&*format!("no {} key", key)))
[INFO] [stdout]    | |____________________________________________________^ expected struct `String`, found `&str`
[INFO] [stdout]    |
[INFO] [stdout]    = note: expected enum `std::result::Result<String, _>`
[INFO] [stdout]               found enum `std::result::Result<&str, _>`
[INFO] [stdout] 
[INFO] [stdout] 
[INFO] [stdout] error[E0609]: no field `msg` on type `ini::ini::Error`
[INFO] [stdout]   --> src/main.rs:68:34
[INFO] [stdout]    |
[INFO] [stdout] 68 |         println!("Failed: {}", e.msg);
[INFO] [stdout]    |                                  ^^^
[INFO] [stdout] 
[INFO] [stdout] 
[INFO] [stdout] error: aborting due to 3 previous errors; 3 warnings emitted
[INFO] [stdout] 
[INFO] [stdout] 
[INFO] [stdout] Some errors have detailed explanations: E0071, E0308, E0609.
[INFO] [stdout] 
[INFO] [stdout] For more information about an error, try `rustc --explain E0071`.
[INFO] [stdout] 
[INFO] [stdout] error[E0308]: mismatched types
[INFO] [stdout]   --> src/main.rs:29:5
[INFO] [stdout]    |
[INFO] [stdout] 28 |   fn get_opt(section: &Properties, key: &str) -> Result<String, IniErr> {
[INFO] [stdout]    |                                                  ---------------------- expected `std::result::Result<String, ini::ini::Error>` because of return type
[INFO] [stdout] 29 | /     section.get(key)
[INFO] [stdout] 30 | |         .map(|s| s.clone())
[INFO] [stdout] 31 | |         .ok_or(ini_err(&*format!("no {} key", key)))
[INFO] [stdout]    | |____________________________________________________^ expected struct `String`, found `&str`
[INFO] [stdout]    |
[INFO] [stdout]    = note: expected enum `std::result::Result<String, _>`
[INFO] [stdout]               found enum `std::result::Result<&str, _>`
[INFO] [stdout] 
[INFO] [stdout] 
[INFO] [stdout] error[E0609]: no field `msg` on type `ini::ini::Error`
[INFO] [stdout]   --> src/main.rs:68:34
[INFO] [stdout]    |
[INFO] [stdout] 68 |         println!("Failed: {}", e.msg);
[INFO] [stdout]    |                                  ^^^
[INFO] [stdout] 
[INFO] [stdout] 
[INFO] [stderr] error: could not compile `s3env`.
[INFO] [stderr] 
[INFO] [stderr] To learn more, run the command again with --verbose.
[INFO] [stderr] warning: build failed, waiting for other jobs to finish...
[INFO] [stdout] error: aborting due to 3 previous errors; 3 warnings emitted
[INFO] [stdout] 
[INFO] [stdout] 
[INFO] [stdout] Some errors have detailed explanations: E0071, E0308, E0609.
[INFO] [stdout] 
[INFO] [stdout] For more information about an error, try `rustc --explain E0071`.
[INFO] [stdout] 
[INFO] [stderr] error: build failed
[INFO] running `Command { std: "docker" "inspect" "6b75037822b7ccc2f76dbab1f60393114d2f395bac1eabdf95dc757953e06df4", kill_on_drop: false }`
[INFO] running `Command { std: "docker" "rm" "-f" "6b75037822b7ccc2f76dbab1f60393114d2f395bac1eabdf95dc757953e06df4", kill_on_drop: false }`
[INFO] [stdout] 6b75037822b7ccc2f76dbab1f60393114d2f395bac1eabdf95dc757953e06df4
